{"id":510,"date":"2023-03-17T16:20:58","date_gmt":"2023-03-17T15:20:58","guid":{"rendered":"http:\/\/192.168.100.195\/wordpress\/?page_id=510"},"modified":"2023-05-30T15:46:18","modified_gmt":"2023-05-30T13:46:18","slug":"medias","status":"publish","type":"page","link":"https:\/\/guyane-agricole.com\/?page_id=510","title":{"rendered":"M\u00e9dias"},"content":{"rendered":"\n<h2><a href=\"https:\/\/guyane-agricole.com\/?cat=3\" data-type=\"page\">M\u00e9dias Hmong<\/a><\/h2>\n\n\n\n<figure class=\"wp-block-image size-large\"><a href=\"https:\/\/guyane-agricole.com\/?cat=3\"><img loading=\"lazy\" width=\"1024\" height=\"533\" src=\"https:\/\/guyane-agricole.com\/wp-content\/uploads\/2023\/05\/Bandeau-medias-Hmong-1024x533.jpg\" alt=\"\" class=\"wp-image-1052\" srcset=\"https:\/\/guyane-agricole.com\/wp-content\/uploads\/2023\/05\/Bandeau-medias-Hmong-1024x533.jpg 1024w, https:\/\/guyane-agricole.com\/wp-content\/uploads\/2023\/05\/Bandeau-medias-Hmong-300x156.jpg 300w, https:\/\/guyane-agricole.com\/wp-content\/uploads\/2023\/05\/Bandeau-medias-Hmong-768x400.jpg 768w, https:\/\/guyane-agricole.com\/wp-content\/uploads\/2023\/05\/Bandeau-medias-Hmong-1536x800.jpg 1536w, https:\/\/guyane-agricole.com\/wp-content\/uploads\/2023\/05\/Bandeau-medias-Hmong-2048x1067.jpg 2048w, https:\/\/guyane-agricole.com\/wp-content\/uploads\/2023\/05\/Bandeau-medias-Hmong-359x187.jpg 359w\" sizes=\"(max-width: 1024px) 100vw, 1024px\" \/><\/a><\/figure>\n\n\n\n<h2><a href=\"https:\/\/guyane-agricole.com\/?cat=4\">M\u00e9dias Guyane<\/a><\/h2>\n\n\n\n<figure class=\"wp-block-image size-large\"><a href=\"https:\/\/guyane-agricole.com\/?cat=4\"><img loading=\"lazy\" width=\"1024\" height=\"496\" src=\"https:\/\/guyane-agricole.com\/wp-content\/uploads\/2023\/05\/Bandeau-medias-Guyane-1024x496.jpg\" alt=\"\" class=\"wp-image-1053\" srcset=\"https:\/\/guyane-agricole.com\/wp-content\/uploads\/2023\/05\/Bandeau-medias-Guyane-1024x496.jpg 1024w, https:\/\/guyane-agricole.com\/wp-content\/uploads\/2023\/05\/Bandeau-medias-Guyane-300x145.jpg 300w, https:\/\/guyane-agricole.com\/wp-content\/uploads\/2023\/05\/Bandeau-medias-Guyane-768x372.jpg 768w, https:\/\/guyane-agricole.com\/wp-content\/uploads\/2023\/05\/Bandeau-medias-Guyane-1536x744.jpg 1536w, https:\/\/guyane-agricole.com\/wp-content\/uploads\/2023\/05\/Bandeau-medias-Guyane-2048x992.jpg 2048w, https:\/\/guyane-agricole.com\/wp-content\/uploads\/2023\/05\/Bandeau-medias-Guyane-359x174.jpg 359w\" sizes=\"(max-width: 1024px) 100vw, 1024px\" \/><\/a><\/figure>\n\n\n\n<h2><a href=\"https:\/\/guyane-agricole.com\/?cat=5\">M\u00e9dias Agriculture<\/a><\/h2>\n\n\n\n<figure class=\"wp-block-image size-large\"><a href=\"https:\/\/guyane-agricole.com\/?cat=5\"><img loading=\"lazy\" width=\"1024\" height=\"513\" src=\"https:\/\/guyane-agricole.com\/wp-content\/uploads\/2023\/05\/Bandeau-Media-agriculture-1024x513.jpg\" alt=\"\" class=\"wp-image-1064\" srcset=\"https:\/\/guyane-agricole.com\/wp-content\/uploads\/2023\/05\/Bandeau-Media-agriculture-1024x513.jpg 1024w, https:\/\/guyane-agricole.com\/wp-content\/uploads\/2023\/05\/Bandeau-Media-agriculture-300x150.jpg 300w, https:\/\/guyane-agricole.com\/wp-content\/uploads\/2023\/05\/Bandeau-Media-agriculture-768x385.jpg 768w, https:\/\/guyane-agricole.com\/wp-content\/uploads\/2023\/05\/Bandeau-Media-agriculture-1536x769.jpg 1536w, https:\/\/guyane-agricole.com\/wp-content\/uploads\/2023\/05\/Bandeau-Media-agriculture-2048x1026.jpg 2048w, https:\/\/guyane-agricole.com\/wp-content\/uploads\/2023\/05\/Bandeau-Media-agriculture-359x180.jpg 359w\" sizes=\"(max-width: 1024px) 100vw, 1024px\" \/><\/a><\/figure>\n\n\n\n<div style=\"height:100px\" aria-hidden=\"true\" class=\"wp-block-spacer\"><\/div>\n\n\n\n<h2>Derniers Articles<\/h2>\n\n\n<ul class=\"wp-block-latest-posts__list has-dates has-author wp-block-latest-posts\"><li><div class=\"wp-block-latest-posts__featured-image alignleft\"><a href=\"https:\/\/guyane-agricole.com\/?p=1789\"><img width=\"150\" height=\"150\" src=\"https:\/\/guyane-agricole.com\/wp-content\/uploads\/2025\/09\/Miniature-Voyage-Culinaire-150x150.jpg\" class=\"attachment-thumbnail size-thumbnail wp-post-image\" alt=\"\" loading=\"lazy\" style=\"\" \/><\/a><\/div><a href=\"https:\/\/guyane-agricole.com\/?p=1789\">Restaurant \u00ab\u00a0Bellevue\u00a0\u00bb : Voyage culinaire<\/a><div class=\"wp-block-latest-posts__post-author\">par Guyane Agricole<\/div><time datetime=\"2025-09-12T11:31:40+02:00\" class=\"wp-block-latest-posts__post-date\">12 septembre 2025<\/time><div class=\"wp-block-latest-posts__post-excerpt\">\u00c0 Cacao, au d\u00e9tour des collines couvertes de for\u00eat, se niche une petite adresse&#8230;<\/div><\/li>\n<li><div class=\"wp-block-latest-posts__featured-image alignleft\"><a href=\"https:\/\/guyane-agricole.com\/?p=1656\"><img width=\"150\" height=\"150\" src=\"https:\/\/guyane-agricole.com\/wp-content\/uploads\/2025\/03\/Miniature-voyage-inoubliable-150x150.jpg\" class=\"attachment-thumbnail size-thumbnail wp-post-image\" alt=\"\" loading=\"lazy\" style=\"\" \/><\/a><\/div><a href=\"https:\/\/guyane-agricole.com\/?p=1656\">Un Voyage Inoubliable en Guyane<\/a><div class=\"wp-block-latest-posts__post-author\">par Guyane Agricole<\/div><time datetime=\"2025-03-27T09:54:03+01:00\" class=\"wp-block-latest-posts__post-date\">27 mars 2025<\/time><div class=\"wp-block-latest-posts__post-excerpt\">Lors d&rsquo;un de ses r\u00e9cents voyages en Guyane, le pr\u00e9sident de Guyane Agricole a&#8230;<\/div><\/li>\n<li><div class=\"wp-block-latest-posts__featured-image alignleft\"><a href=\"https:\/\/guyane-agricole.com\/?p=1628\"><img width=\"150\" height=\"150\" src=\"https:\/\/guyane-agricole.com\/wp-content\/uploads\/2024\/10\/Miniature-Saul-150x150.jpg\" class=\"attachment-thumbnail size-thumbnail wp-post-image\" alt=\"\" loading=\"lazy\" style=\"\" \/><\/a><\/div><a href=\"https:\/\/guyane-agricole.com\/?p=1628\">Sa\u00fcl, un village hors du temps<\/a><div class=\"wp-block-latest-posts__post-author\">par Guyane Agricole<\/div><time datetime=\"2024-10-03T10:40:37+02:00\" class=\"wp-block-latest-posts__post-date\">3 octobre 2024<\/time><div class=\"wp-block-latest-posts__post-excerpt\">Au c\u0153ur de la for\u00eat amazonienne, perdu dans l\u2019immensit\u00e9 de la Guyane fran\u00e7aise, se&#8230;<\/div><\/li>\n<\/ul>","protected":false},"excerpt":{"rendered":"<p>M\u00e9dias Hmong M\u00e9dias Guyane M\u00e9dias Agriculture Derniers Articles<\/p>\n","protected":false},"author":1,"featured_media":0,"parent":0,"menu_order":0,"comment_status":"closed","ping_status":"closed","template":"","meta":[],"_links":{"self":[{"href":"https:\/\/guyane-agricole.com\/index.php?rest_route=\/wp\/v2\/pages\/510"}],"collection":[{"href":"https:\/\/guyane-agricole.com\/index.php?rest_route=\/wp\/v2\/pages"}],"about":[{"href":"https:\/\/guyane-agricole.com\/index.php?rest_route=\/wp\/v2\/types\/page"}],"author":[{"embeddable":true,"href":"https:\/\/guyane-agricole.com\/index.php?rest_route=\/wp\/v2\/users\/1"}],"replies":[{"embeddable":true,"href":"https:\/\/guyane-agricole.com\/index.php?rest_route=%2Fwp%2Fv2%2Fcomments&post=510"}],"version-history":[{"count":19,"href":"https:\/\/guyane-agricole.com\/index.php?rest_route=\/wp\/v2\/pages\/510\/revisions"}],"predecessor-version":[{"id":1066,"href":"https:\/\/guyane-agricole.com\/index.php?rest_route=\/wp\/v2\/pages\/510\/revisions\/1066"}],"wp:attachment":[{"href":"https:\/\/guyane-agricole.com\/index.php?rest_route=%2Fwp%2Fv2%2Fmedia&parent=510"}],"curies":[{"name":"wp","href":"https:\/\/api.w.org\/{rel}","templated":true}]}}